17
Let k(z) be the second derivative of -z**3/6 + 4*z**2 - z. What is the remainder when k(-9) is divided by (-2)/(-8) - (-117)/12?
7
Let n(v) = -7*v**2 + 0*v**3 - 2*v**3 - 8 + 6. Let a be n(-5). Suppose 4*u = 237 - a. Calculate the remainder when u is divided by 14.
13
Let i = 73 - 54. Calculate the remainder when 265 is divided by i.
18
Suppose 56505 = -3530*f + 3545*f. What is the remainder when f is divided by 65?
62
Suppose -4*b + z + 321 - 73 = 0, 3*z = 3*b - 177. What is the remainder when b is divided by 33?
30
Let o = 49 + -22. Suppose 0 = n - 2*x - 4, 3*n - 7 = 2*x + 5. Suppose 0 = r - n*r + o. What is the remainder when 15 is divided by r?
6
Let p = -142 + 52. Let d = p + 102. Calculate the remainder when 46 is divided by d.
10
Let s(m) = -m**2 - 69*m - 381. Calculate the remainder when s(-62) is divided by 20.
13
Suppose -5*o + 1 = -x - x, 4*o + 6 = 5*x. Calculate the remainder when 17 is divided by 9 - x*(14/(-4) - -3).
7
Suppose 4*w - f + 0 = 14, -4*f = 2*w - 16. Let k be 7 + 0 + -2 + 2. Suppose -3*j = -m - 1, -j - 6 = -3*m + k. What is the remainder when m is divided by w?
1
Let t be 9/5*-1*-5. Suppose 0 = 4*f - 3*f - t. What is the remainder when 16 + (1 + -5)/4 is divided by f?
6
Let w = -30 - -32. Let u(y) = 3*y**3 - y**2 - y + 5. Calculate the remainder when u(w) is divided by 12.
11
Suppose 0 = 6*q + 9*q + 1935. Let s = -41 - q. What is the remainder when s is divided by 13?
10
Suppose 5*s - 8 = 162. Let r = 34 - s. Suppose -20 = -r*x - 2*x. Calculate the remainder when 38 is divided by x.
8
Let n(b) = -b**2 + 9*b - 7. Let d(u) = 2*u + 12. Let g be d(-7). Calculate the remainder when 5067/99 - g/(-11) is divided by n(5).
12
Let u = -2351 - -2368. What is the remainder when u is divided by 5 + (0 + 1 - 0)?
5
Let d = 188 - 175. Calculate the remainder when 16 is divided by d.
3
Let g = -5 - 4. Let j be (-1)/((g/(-93))/(-3)). Let x = -19 + j. What is the remainder when 21 is divided by x?
9
Let u(l) = 4*l + 37. Let m be u(-9). What is the remainder when 186 is divided by (94/2*1)/m?
45
Let d = 1466 - 1171. Calculate the remainder when d is divided by 57.
10
Suppose 5 = a - 8. Suppose -2*r - 6 = 2*b - 0*r, -2*b - 12 = 4*r. Suppose b = 4*h - 61 - 79. What is the remainder when h is divided by a?
9
Suppose f + 116 = 158. Calculate the remainder when 167 is divided by f.
41
Let i(o) = 8*o**3 + 5*o**2 + 10*o - 8. Let a be i(-6). Calculate the remainder when (-8)/52 + a/(-26) is divided by 16.
14
Let v(w) = w**3 + w**2 - 4*w. Let d be v(-3). Let f(y) be the first derivative of -5*y**2 + 5*y - 19. What is the remainder when f(d) is divided by 17?
14
Let d = -66 - -78. Let w(z) = 9*z + 6. What is the remainder when w(3) is divided by d?
9
Suppose 0 = l - 3*b - 21, 14*l - b = 17*l - 93. What is the remainder when 39 is divided by l?
9
Let c = -60 - -159. Let q = -82 + c. Calculate the remainder when 33 is divided by q.
16
Suppose 8*o = -p + 4*o + 676, 4*p = -4*o + 2764. Calculate the remainder when p is divided by 25.
21
Suppose 4*a + 3*m = -m + 40, -5*a - m = -66. Let b be (-5)/(-2)*(5 + -3). What is the remainder when a is divided by 12/(8/20*b)?
2
Let q = -216 - -282. What is the remainder when 127 is divided by q?
61
Suppose 3*q - 3*f = 6, -10 = -q - 6*f + 3*f. Let h = 40 - 38. Suppose -3*o - 10 = -2*s - 0*s, -h*o = s + 2. Calculate the remainder when q is divided by s.
0
Suppose -68*h + 5*c = -67*h - 147, 5*h - 709 = -c. What is the remainder when 266 is divided by h?
124
Suppose 4*y + g - 53 = 0, -2*y = 5*g - 38 + 7. Calculate the remainder when 206 is divided by y.
11
What is the remainder when 91 is divided by (-4)/(-18) + 4301/207?
7
Let x = -215 + 360. What is the remainder when x is divided by 25?
20
Suppose 4*s - 5*p = 54 + 174, -302 = -5*s + 2*p. What is the remainder when 74 is divided by s?
12
Let p(k) = k**2 - 77*k + 744. Calculate the remainder when p(68) is divided by 60.
12
Suppose 0 = -4*a - 8, -30 = -0*f + f + 5*a. Let c = f + 25. Suppose 3*x = c*x - 76. Calculate the remainder when 149 is divided by x.
35
Suppose k + 0*s - 41 = s, -2*s - 40 = -k. Suppose -2*d - d + k = 0. Calculate the remainder when 54 is divided by d.
12
Let s be (-13)/((3 - 0)/15). Let w = 93 + s. Let d = -19 + w. What is the remainder when 44 is divided by d?
8
Let y(t) = 4*t**2 - 4*t + 10. Let p be y(5). Let f = p + -31. Calculate the remainder when f is divided by 31.
28
Let f = -37 - -88. Let v(b) = 7 - 6*b + 4 - 14. What is the remainder when f is divided by v(-5)?
24
Let r = -22 + 28. Let t(k) = 3*k**2 - 2*k - 1. Let c be t(r). Suppose c + 34 = 3*z. What is the remainder when z is divided by 15?
13
Suppose -2*h - 12 = h. Calculate the remainder when (-3)/(-12) + (-91)/h is divided by 30/4 - -1*(-2)/(-4).
7
Let o(y) = y + 1. Let a be o(-4). Suppose -3*k = 3*z - 24, -4 = -z - 3. Calculate the remainder when 14 is divided by (-4 - a) + (k - 1).
4
Suppose 5*m - 4*f - 515 = -3*f, -5*m + 525 = f. What is the remainder when m is divided by 45?
14
Suppose 0 = p - 2, 0 = 5*r - 2*p - 102 - 84. What is the remainder when r is divided by 8?
6
Let b(p) = -2*p**3 - 22*p**2 + 21*p + 72. What is the remainder when 439 is divided by b(-12)?
7
Suppose 2*y - 82 = 2*p, y - 31 - 12 = 2*p. What is the remainder when 122 is divided by y?
5
Suppose 3*g - 2*q + 116 = -48, 57 = -g + 3*q. Let c = -41 - g. What is the remainder when 50 is divided by c?
11
Suppose g + 6*g + 889 = 0. Calculate the remainder when g/(-8) - (-2)/16 is divided by 10.
6
Let o(t) = -12. Let u(n) = -n - 1. Let q(c) = o(c) - 6*u(c). Let y be q(-7). Let s = -29 - y. What is the remainder when 75 is divided by s?
18
Let n be 2 + ((-90)/3)/(-3). Let z = 11 - n. What is the remainder when 93 is divided by z/(-1*(-1)/(-19))?
17
Let i = 14 - -165. Calculate the remainder when i is divided by 50.
29
Suppose 9*v - 20 = 7*v. Suppose 5*r + 1 = 11. Suppose -24 - v = -r*s. What is the remainder when s is divided by 3?
2
Let c(a) = 18*a - 2. Let v be (1 + -3)*(-5)/10. Calculate the remainder when 60 is divided by c(v).
12
Let h(z) = 6*z + 132. What is the remainder when 88 is divided by h(-17)?
28
Let m = 13 + 1. Let b = -2 + 0. Let j(v) = 11*v**2 + 2*v + 1. What is the remainder when j(b) is divided by m?
13
Calculate the remainder when 58 is divided by (-3 - -8) + 66/6.
10
Suppose 12 = -96*c + 98*c. Calculate the remainder when c is divided by 5.
1
Suppose 2*s - s - 5*b + 3 = 0, -5*b + 24 = 2*s. Let g(h) = -h**2 - 4*h + 6. Let o be g(-6). Let u = o + s. What is the remainder when 1 is divided by u?
0
Let f = 357 + 535. Calculate the remainder when f is divided by 16.
12
Let t be 429/6 + -3 + (-4)/8. Suppose -26 = -4*n - 2*f + t, -5*n + 3*f = -134. What is the remainder when 94 is divided by n?
19
Suppose 17 = -z + 83. Suppose -q + 28 = -3*q - 2*l, 4*l = 0. Let c = 31 + q. Calculate the remainder when z is divided by c.
15
Suppose -11 = -3*n - 0*n - h, 0 = -n - 4*h + 11. Suppose n = l - 3. Calculate the remainder when 21 is divided by l.
3
Suppose -474 = 20*j - 874. Suppose -4*q + 418 - 110 = -4*z, -306 = -4*q + 2*z. Calculate the remainder when q is divided by j.
16
Let b(w) = -23*w - 473. Calculate the remainder when 436 is divided by b(-21).
6
Let o be 2 - (2 - 2 - 0). Let w(n) = -2 - 2*n**o + 2*n**3 - 19*n + 19*n. Calculate the remainder when w(2) is divided by 5.
1
Suppose -48 = -o + b + 12, 0 = -5*o + 4*b + 305. Calculate the remainder when o is divided by 27.
11
Let k = -34 + 55. Suppose o + 200 = -7*o. Let v = 31 + o. What is the remainder when k is divided by v?
3
Let n = 25 + 2. Calculate the remainder when (0 + (4 - -2))*12 is divided by ((-45)/n)/(1/(-15)).
22
Let d be (4/20 - 0)*10. What is the remainder when (217 - -1)*d/4 is divided by 10?
9
Let u(n) = 2*n + 60. Let v = -295 + 270. Let s = -39 + 67. Calculate the remainder when s is divided by u(v).
8
Suppose 2*k = 23 + 189. Let s = k - 36. What is the remainder when s is divided by 18?
16
Suppose -3*t + 8*t + 10 = 0. Calculate the remainder when 5*5 - ((1 - -3) + t) is divided by 11*1 + 4 + -2.
10
Let x(u) = 3*u**3 + 126*u**2 + u + 133. What is the remainder when 208 is divided by x(-42)?
26
Suppose 0*f + 42 = i + 3*f, -154 = -5*i - f. What is the remainder when i is divided by 17?
13
Let y be 10/(-2)*1/(-1). Suppose -10 = -y*i + 3*i